he greatest common divisor of l and n?
7
Let y(n) = 11*n**3 - 2*n**2 + 4*n - 2. Let u be y(1). Calculate the highest common divisor of 176 and u.
11
Let j be ((-2)/9*-3)/(3/(-9)). Let m be 557/7 + (33/(-21) - j). Calculate the greatest common divisor of m and 32.
16
Suppose 0 = 5*w + 4*y - 1572, 26*w - 22*w - 1245 = y. What is the greatest common divisor of 91 and w?
13
Let k be 40179/236 + 1/(-4). What is the greatest common divisor of k and 425?
85
Suppose 3*o - 4*p - 244 + 81 = 0, -o = -p - 53. Calculate the highest common divisor of 7 and o.
7
Suppose -653*y = -661*y + 128. Suppose 0 = -5*c + c + 128. Calculate the highest common divisor of c and y.
16
Let x(c) = c**3 + 7*c**2 - 8*c - 3. Let q be x(-6). Suppose q - 11 = 5*f. Suppose 0 = 2*j - f - 10. What is the highest common divisor of 96 and j?
12
Let x = 628 + -48. Suppose 9*p = 4*p + x. Suppose 3*w - 5*f - 76 = 0, 2*w + 32 = -5*f + p. Calculate the greatest common divisor of w and 352.
32
Suppose -5*z + 2*n - n = -939, 4*n = -3*z + 545. Let v(o) = -3*o**2 - o + 3. Let w be v(-2). Let x = 24 + w. Calculate the greatest common factor of z and x.
17
Suppose 330 = 7*a + 26*a. What is the highest common divisor of a and 15?
5
Suppose 20 = 3*f - 10. Let q(b) = 2*b + 12. Let w be q(-6). Suppose -o + 2*v - 2 = w, -v = -5*o + 3*v + 2. What is the greatest common factor of o and f?
2
Suppose -3*y = -y. Suppose y*u = 3*u. Suppose -2*m - 3*l + 45 = 0, -m + u*l + 5*l = -29. What is the greatest common divisor of 6 and m?
6
Suppose -6*n = -23*n + 2278. Calculate the highest common factor of 2 and n.
2
Suppose s - 2*u = -37, 4*u + 0 = -3*s - 101. Let d = s + 59. Suppose 0 = 2*x - 4*x + d. What is the highest common factor of 8 and x?
4
Let h(m) = 60*m - 150. Let v be h(3). Let c = -134 - -464. Calculate the highest common divisor of v and c.
30
Let y(g) = -5*g + 34. Let m(t) = -t**3 + 2*t**2 + 7*t + 8. Let v be m(4). Let r be y(v). Calculate the highest common factor of 14 and r.
14
Let h = -1041 - -1067. Calculate the highest common divisor of 338 and h.
26
Let z be 1 + (-7 - -51) - 0. Calculate the greatest common factor of 1395 and z.
45
Suppose -3*m + 281 = 4*o, -7*o + 4*m + 260 = -3*o. Suppose 8*z - o = -4. Let c = 49 - 17. What is the highest common divisor of c and z?
8
Suppose 2*a - 45*v + 46*v = 1097, 2*a - 1085 = -5*v. What is the greatest common divisor of a and 22?
22
Suppose -4*v + 9 + 15 = 0. Let j(x) = -x - 1. Let i(d) = 4*d + 25. Let z(n) = i(n) + 5*j(n). Let b be z(v). What is the highest common factor of 7 and b?
7
Let l be (-32)/48 - (-488)/3. Suppose 4*z + 3*k + 30 = 5*z, -4*k - 16 = 0. Calculate the greatest common divisor of z and l.
18
Suppose 3*y = -2*a + 33 + 3, y = 4*a + 12. Suppose 4*v + 336 = y*v. What is the greatest common divisor of 28 and v?
14
Let p(d) = 5*d**3 - 3*d**2 + 5*d - 4. Let y be p(2). What is the highest common divisor of y and 2?
2
Suppose i - 4*i + 4*j + 690 = 0, -2*i = 4*j - 480. What is the highest common factor of 54 and i?
18
Suppose -2*d + 27 = 3*l - 0*d, -4*l + d + 36 = 0. Let c(n) = -n + 4. Let y be c(10). Let r = -3 - y. Calculate the highest common factor of r and l.
3
Let y = 8 + -9. Let q be -1*(21/y + 2). Let p = 238 + -219. Calculate the greatest common factor of q and p.
19
Let v = 9 + -12. Let m(l) = -34*l + 10. Let s be m(v). Calculate the greatest common factor of s and 14.
14
Let o be 0/((-9)/((-45)/(-10))). Suppose d - 10 = 4*i + 22, o = -3*d - i + 44. Calculate the greatest common divisor of 8 and d.
8
Let b be 1095/((-30)/(-6)) - -1. Calculate the highest common factor of 11 and b.
11
Suppose 1364 = 3*x - 124. What is the highest common divisor of 62 and x?
62
Suppose -2*w - 10 = -0*w. Let k be (-38)/(-6)*(3 - (w - -5)). Calculate the highest common factor of 209 and k.
19
Suppose 49 = 4*k + 3*k. Let j be 1820/15 + (2 - k/3). What is the highest common divisor of 11 and j?
11
Let c be (33/(-4))/((-6)/16). Suppose -q + 395 = 4*f + 107, 2*f - 3*q = 158. Let n = -71 + f. What is the highest common factor of c and n?
2
Let h be 1/(-13) + (-111808)/(-104). Calculate the greatest common factor of 25 and h.
25
Let x = 6 + 18. Let g = x + -24. Suppose g = t - 10. What is the highest common divisor of t and 5?
5
Let m(g) = -g**2 + 6*g - 3. Let k be m(5). Let r(y) = -y**3 - 7*y**2 + 9*y + 9. Let x be r(-8). Calculate the greatest common factor of x and k.
1
Let x be ((-315)/100 - 10/(-25))*-4. What is the greatest common divisor of x and 649?
11
Let r be (17 - 1)*2/2. Suppose -2*n - 245 = w, w - n = -2*w - 763. Let u = 269 + w. What is the highest common divisor of r and u?
16
Let k(x) = x - 18. Let o be k(-9). Let n(f) = -4*f - 61. Let v be n(o). Calculate the greatest common factor of 329 and v.
47
Let u(t) = 2*t - 2. Let b be u(5). Suppose -5*m - 2 - b = 0. Let w be 1/((-4)/24)*m. What is the highest common factor of 30 and w?
6
Let m = -1963 + 3916. What is the highest common divisor of 63 and m?
63
Let u be -3 + -4 + (3 - 2). Let n = u + 10. Suppose 0 = -n*g + 4*q + 116, 3*q = 2*g - 0*q - 59. Calculate the highest common divisor of g and 112.
28
Let o(u) = -3*u + 43. Let k be o(7). Let z = 148 - k. Calculate the greatest common divisor of z and 14.
14
Let c(v) = v**3 + 10*v**2 - 12*v. Let h be c(-11). Suppose -5*n + 19 = -4*g + 3*g, 0 = 4*n - 16. Calculate the greatest common factor of h and g.
1
Let r(c) = 3*c**2 - 9*c - 14. Let n be r(-4). Suppose -3*b + n = 22. Suppose 0*l = -l + 8. Calculate the highest common divisor of b and l.
8
Let z be (-2)/(-6) - (-1592)/12. Suppose -35 - z = -6*c. Let l = -2 + 6. What is the highest common factor of l and c?
4
Suppose 5 = 5*y + a - 0, 15 = -5*y - 5*a. Suppose y*r - r - 208 = 0. What is the greatest common factor of r and 26?
26
Suppose 5*g + 2*i = 1028, -5*g - 2*i = -i - 1024. Suppose 0*m - 4*s + 102 = 2*m, -4*m = s - g. Calculate the highest common divisor of m and 17.
17
Let c(t) = 4*t**2 + 6 - 3*t**2 + 18. Let g be c(0). Let n be 8/(-4) + (8 + 1 - 3). Calculate the highest common factor of g and n.
4
Let p be ((-51)/12)/((-1)/4). Let l(o) = 7*o**3 - 106*o**2 + 22*o - 37. Let b be l(15). What is the greatest common factor of b and p?
17
Let l be (-5)/30*38*-1*33. What is the greatest common divisor of 55 and l?
11
Let s be (1/(-3) - -3)/((-5)/(-15)). Suppose -5*a = -s*a + 42. Let g = 33 - 19. Calculate the greatest common divisor of g and a.
14
Let i(s) = -3*s + 21. Let l be i(-11). Let b be l/(-10)*14/(-21)*5. Suppose -4*y + 8*y = 72. Calculate the highest common divisor of y and b.
18
Let f = 8 + -6. Suppose -5*n + 65 = 5*l, -n = -f*l + l - 17. Calculate the highest common factor of n and 15.
15
Let z = -3 + 4. Let h be ((-126)/(-12))/(z/4). Suppose 0 = 3*c + 9 - 27. Calculate the greatest common factor of c and h.
6
Suppose -15 = -24*w + 81. What is the highest common divisor of w and 24?
4
Let y be 46/(-4) - 3/(-6) - -1. Let b be (-57)/95 + (-406)/y. What is the highest common divisor of b and 120?
40
Suppose w - 5*c + 7 = 0, -2*c + 0*c = -2*w + 2. Calculate the highest common factor of w and 24.
3
Let a(c) be the third derivative of 29*c**6/120 - c**5/15 + c**4/6 - c**3/6 + 41*c**2. Let q be a(1). Calculate the greatest common factor of q and 14.
14
Let o(k) = -k**3 - 3*k**2 + 12*k - 12. Let m be o(-7). What is the greatest common factor of m and 50?
50
Let w = 46 - 20. Let b(d) = d**3 + 5*d**2 - 5*d + 3. Let x be b(-4). Calculate the highest common divisor of x and w.
13
Let x(o) = -o**2 - 34*o - 190. Let c be x(-20). Calculate the highest common factor of c and 4.
2
Let h be (-1)/((-6)/15)*(-1064)/(-70). Suppose 3*m = -3*j + 783, -3*m + m = 4*j - 1054. Calculate the highest common divisor of j and h.
38
Suppose 3*z - 4*d - 73 = 0, 0 = 4*z + 5*d - 0 - 118. Suppose 0 = -f + 13 - 4. What is the greatest common factor of f and z?
9
Let m(y) = y**2 - 8*y + 11. Let g be m(7). Suppose -4*v + 1128 = 5*p + g, -2*p + 2*v = -446. Calculate the highest common factor of 32 and p.
32
Suppose 350 = 5*p + 2*o, -2*p + 0*p = -5*o - 169. What is the highest common factor of 96 and p?
24
Let q be (13 - 8/2) + -4. Suppose -k = -q*n - 37 + 573, -3*k - 528 = -5*n. Calculate the highest common factor of n and 12.
12
Suppose -18 + 144 = 2*m. Suppose -m = -3*q - 2*f + 25, 0 = -f - 1. What is the highest co